e y(-3). Calculate the highest common factor of b and o.
22
Let v be -1*21*(-3 - -4)*-3. Calculate the highest common factor of v and 18.
9
Let k be (-672)/(-28) + (0 - 0). Let w(i) = i**2 - 4. Let d be w(-5). What is the highest common factor of d and k?
3
Suppose 0 = o + 21*o - 27742. Suppose o = 14*h - 195. What is the greatest common divisor of 13 and h?
13
Let u be (-1035)/(-35) - -3 - (-12)/28. Suppose 868 = -u*j + 35*j. Let h = j - 308. Calculate the greatest common factor of h and 18.
18
Let v = 3026 - 2685. Calculate the highest common factor of 155 and v.
31
Suppose 192080 = 237*p - 41*p. Calculate the greatest common divisor of 20 and p.
20
Let l(k) = 5199 - 5192 - 8*k**2 - 9*k - 53*k. Let w be l(-7). What is the highest common factor of 35 and w?
7
Suppose 5*j - 20 = k, j + 2*k - k + 2 = 0. Suppose j*o + 74 = 269. Calculate the highest common factor of o and 5.
5
Let k(y) = 4*y**3 - 81*y**2 + 22*y + 21. Let o be k(20). Calculate the highest common factor of o and 1647.
61
Let p(q) = -30 + 4*q + 0*q + 13*q. Let b be p(14). Suppose 37*t - b = 33*t. What is the greatest common factor of 39 and t?
13
Suppose -12*s + 87 = 6 - 147. Calculate the highest common factor of s and 3629.
19
Let k(u) = -12*u**3 + 0 - u - 1 - 5*u**2 + 11 + 13*u**3. Let g be k(5). What is the highest common divisor of 145 and g?
5
Suppose 10*g - 2 = 11*g. Let n = g + 22. Let u = 215 + -205. Calculate the highest common factor of n and u.
10
Let r be 382536/19096 + (-7)/217. Suppose -904 - 376 = -4*g. What is the greatest common factor of r and g?
20
Suppose -c + 8 = -5*c - 5*g, 5*g + 10 = -5*c. Let t be ((-14)/5)/(c/60). Let n = -33830 + 33851. Calculate the greatest common divisor of t and n.
21
Let t be 1/(-1 + 2/4). Let n be (24/30)/t - (-46)/(-10). Let r be 3/((-8)/(-80)*(1 - n)). Calculate the greatest common divisor of r and 10.
5
Suppose 1470*g + 1427*g - 3156*g + 405594 = 0. Let c(u) = 15*u - 6. Let h be c(4). Calculate the greatest common divisor of h and g.
54
Let i = 122 - 97. Suppose 0 = 14*f + 5*f - 475. Calculate the highest common factor of f and i.
25
Suppose 0 = 8*g - 13*g + 45. Let u(x) = x**2 - 7*x + 12. Let j be (-220)/(-30) - 8/6. Let s be u(j). Calculate the greatest common factor of g and s.
3
Let f(s) = s**2 - 4*s - 4. Let z be f(5). Let x be z/2 - (-15)/(-30). Suppose -5*l + 210 = -x*l. What is the highest common divisor of l and 6?
6
Suppose 0 = -y - 3*u + 60, -4*y + 9*y = -4*u + 256. What is the highest common divisor of 216 and y?
24
Let y be 60/36*-58*(-18)/(-5). Let t = y + 501. Calculate the highest common factor of 27 and t.
9
Let v(p) = p**3 + 3509 + 28*p**2 + 0*p**3 - 6*p - 3528 + 5*p. Let x be v(-28). What is the highest common factor of 117 and x?
9
Let h be 10 - (-840)/(-12 - -20). Let v be 1/5 - 27/(-15). Let d be v/3*(-138)/(-4). What is the highest common factor of d and h?
23
Let k(y) = -59*y + 57. Let g be k(-3). Let m = -38 + g. Calculate the highest common factor of m and 28.
28
Suppose -1390 = 5*u + 5*a, -558 = 2*u - 2*a + 3*a. Let j be u/(-12)*9*1/6. What is the highest common factor of j and 105?
35
Suppose -3*b - 3 = -4*m + 2, -4*b - 17 = 5*m. Let s = m - -7. Suppose 54 = -s*t + 12*t. What is the highest common factor of t and 36?
9
Suppose 2 = -4*p + 5*p, 10 = d + p. Let n be (-352)/6*(-12)/d. Suppose -6*o - 7*q = -o - 76, -3*o = 3*q - 42. Calculate the greatest common divisor of n and o.
11
Suppose -4*h + 3*j = -h - 17508, 2*h - 11660 = -j. Suppose 27*b + 1728 = h. What is the highest common factor of b and 8?
8
Let l(o) = 52*o**2 - 6*o - 31. Let i be 2*-4 - -1*5/1. Let z be l(i). What is the highest common divisor of 35 and z?
35
Let v be ((-3)/6)/(-232 - -230 - (-14)/8). Calculate the highest common divisor of 577 and v.
1
Suppose -10*j = 65 - 95. Suppose 3*k = -4*o - 5, -2*o - 3 = k - 0. Calculate the greatest common divisor of j and k.
1
Suppose -l - 3*l + 4 = -4*r, -4*l - r + 4 = 0. Let m = l + -7. Let t be (-62)/m - (-4)/(-12). What is the greatest common divisor of 5 and t?
5
Let f = -12 - -12. Suppose -x + 1 = -f*l - l, -3*l = -4*x + 5. Suppose x*h + 448 = 6*h. Calculate the greatest common factor of 14 and h.
14
Let v = 41 + -20. Let w = 55 - v. Let a = -644370 - -644372. What is the highest common factor of w and a?
2
Let n(l) = -2*l**2 - 12*l - 14. Let q be n(-9). Let c be (12/7)/(q/(-1666)). What is the greatest common factor of c and 21?
21
Suppose -8639*v + 8638*v + 1558 = 0. Calculate the highest common divisor of v and 246.
82
Let n = 11758 - 11632. What is the greatest common factor of 369 and n?
9
Suppose 0 = 4*l + 4*b - 64, -4*l + 0*b + 19 = -5*b. Let n(i) = 177*i + 8. Let o be n(3). Calculate the greatest common divisor of l and o.
11
Let b(n) = n**2 + 16*n + 59. Let m be b(-13). Calculate the greatest common divisor of 305 and m.
5
Suppose -3*z - 2*h = -13 - 49, 4*z - 4*h - 76 = 0. Calculate the greatest common divisor of 625 and z.
5
Let u(v) = v**2 - 14*v - 14. Let h be u(17). Suppose -2*o - a + 5 - 38 = 0, -2*o = 5*a + h. Let t = o - -49. Calculate the highest common factor of t and 132.
33
Let z = 3583 + -3488. What is the highest common factor of 14155 and z?
95
Suppose 524 = 3*a + 6*a - 772. Calculate the highest common factor of 648 and a.
72
Let f(t) = 157*t**2 - 189*t + 780. Let c be f(4). Calculate the highest common divisor of 40 and c.
8
Let t(u) = -22*u + 2120. Let j be t(95). What is the greatest common divisor of 270 and j?
30
Let z = -1880 - -2024. Calculate the highest common divisor of 16 and z.
16
Let v = 3146 - 3123. Calculate the highest common factor of v and 3128.
23
Let n be 4/(-14) - 594/126 - -56. Suppose 30*q - 33*q = -n. What is the highest common factor of q and 136?
17
Let y(b) = 2*b**3 + 16*b**2 - 21*b - 9. Let k be y(-9). Suppose 0 = k*p - 314 - 334. Calculate the highest common factor of 120 and p.
12
Let w be (3 - 0) + (6180 - (2 - -12)). Calculate the greatest common factor of 1393 and w.
199
Let q be -8 + 13 + 1 - -273. Let v be (-1)/(3 - (-275)/(-90)). What is the greatest common divisor of v and q?
9
Suppose -5*f = -3*n - 55, -4*f + 20 = -0*f. Let y = n - -101. Calculate the greatest common divisor of y and 14.
7
Suppose -5*w - 6630 = -6*c, -4060 = -3*c - 3*w - 712. What is the greatest common factor of 150 and c?
30
Suppose 0 = 4*p - 12, 5*d - 18 = 2*p - 3*p. Suppose 0 = -2*f + 3*a + 5, f + d = -5*a - 1. Calculate the highest common divisor of f and 3.
1
Let j = 680 + -691. Let a(m) = -m**2 - 21*m - 85. Let z be a(j). Calculate the greatest common factor of z and 1200.
25
Suppose -28 = -2*z + 4*f - 2*f, -5*z + f + 58 = 0. Suppose -17*x = -108 - z. What is the highest common factor of x and 21?
7
Suppose -27136 = -8*c - 4*z, 102*c - 10162 = 99*c + 2*z. What is the greatest common factor of 42 and c?
6
Let u(x) = x**3 + 16*x**2 - 3*x - 18. Let q(h) = -2*h**2 + 6*h + 25. Let z be q(6). Let k be u(z). Calculate the highest common divisor of k and 62.
62
Let l be (2*-7)/(2142/(-8568)). Suppose -2*p = c - 18, -3*p - 3*c - 18 = -6*p. What is the highest common divisor of p and l?
8
Suppose -2*o - 283 = 5*j, 3*j - 119 = 5*j - 5*o. Let m = 75 + j. Calculate the greatest common divisor of m and 162.
18
Let t be ((-72)/(-48))/(6/400). What is the highest common factor of t and 1525?
25
Let x be ((-13)/2)/(210/36 - 6). Let q be (-2)/(-5) + (-386)/(-10). What is the highest common factor of q and x?
39
Let q be (-4)/14 + (-4)/(-14). Suppose 18*j - 20 = 8*j. Suppose j*d - 28 - 50 = q. Calculate the greatest common factor of d and 26.
13
Suppose -5*c + 5*m + 40 = -0*c, -m = -3*c + 32. Suppose -336 = 333*a - 335*a. Calculate the greatest common divisor of a and c.
12
Suppose 40*o - 165 = 51*o. Let q be 9/(-15) - 6/15. Let j be o/(-6)*(-270)/25*q. What is the greatest common divisor of j and 243?
27
Let u be 4 - 18 - -7 - -13. Let x = 8 + -10. Let h be (-3)/(x*1/20). What is the greatest common factor of u and h?
6
Suppose v = 2, 2*w - 2*v = -2051 + 22831. What is the greatest common divisor of w and 24?
24
Let n be 40/50 + (-2730)/(-25). What is the highest common divisor of 180 and n?
10
Let q be ((-459)/34)/(1/(-2)). Suppose 97 = 3*j - 2*r, -j - r + q - 3 = 0. Let c = 41 - j. What is the greatest common factor of 108 and c?
12
Suppose -147*t = -41*t - 125928. Calc